{"id":2678,"date":"2023-05-20T16:30:11","date_gmt":"2023-05-20T16:30:11","guid":{"rendered":"https:\/\/olgaferzan.com\/?page_id=2678"},"modified":"2024-11-11T21:12:23","modified_gmt":"2024-11-11T21:12:23","slug":"inicio","status":"publish","type":"page","link":"https:\/\/olgaferzan.com\/inicio\/","title":{"rendered":"Inicio"},"content":{"rendered":"<p>[et_pb_section fb_built=\u00bb1&#8243; _builder_version=\u00bb4.23.1&#8243; _module_preset=\u00bbdefault\u00bb custom_margin=\u00bb-55px||-29px||false|false\u00bb custom_padding=\u00bb||0px|||\u00bb global_colors_info=\u00bb{}\u00bb][\/et_pb_section][et_pb_section fb_built=\u00bb1&#8243; _builder_version=\u00bb4.23.1&#8243; _module_preset=\u00bbdefault\u00bb background_color=\u00bb#EEEEEE\u00bb background_image=\u00bbhttps:\/\/olgaferzan.com\/wp-content\/uploads\/2023\/11\/holistic-healer-47.jpg\u00bb background_size=\u00bbstretch\u00bb custom_margin=\u00bb-126px|||||\u00bb custom_padding=\u00bb0px|||||\u00bb locked=\u00bboff\u00bb global_colors_info=\u00bb{}\u00bb][et_pb_row _builder_version=\u00bb4.23.1&#8243; _module_preset=\u00bbdefault\u00bb custom_margin=\u00bb|auto|-34px|auto||\u00bb custom_padding=\u00bb175px|||||\u00bb locked=\u00bboff\u00bb global_colors_info=\u00bb{}\u00bb][et_pb_column type=\u00bb4_4&#8243; _builder_version=\u00bb4.23&#8243; _module_preset=\u00bbdefault\u00bb global_colors_info=\u00bb{}\u00bb][et_pb_text _builder_version=\u00bb4.23&#8243; _module_preset=\u00bb491b754f-10a7-4322-8bfb-de6f23d2f245&#8243; min_height=\u00bb76px\u00bb custom_margin=\u00bb||10px||false|false\u00bb custom_padding=\u00bb0px|||||\u00bb global_colors_info=\u00bb{}\u00bb]<\/p>\n<h1 style=\"text-align: left;\"><img loading=\"lazy\" decoding=\"async\" src=\"https:\/\/olgaferzan.com\/wp-content\/uploads\/2023\/11\/senior-care-15.png\" width=\"92\" height=\"97\" alt=\"\" class=\"wp-image-3628 alignnone size-full\" \/><\/h1>\n<h2><span style=\"font-weight: 400;\">\u00bfEst\u00e1s hasta la narices de tu vida? \u00bfEst\u00e1s harta de relaciones basura? \u00bfCansada de no saber qu\u00e9 hacer para mejorar?<\/span><\/h2>\n<p><span style=\"font-weight: 400;\"><\/span><\/p>\n<p><span style=\"font-weight: 400;\"><\/span><\/p>\n<h2><span style=\"font-weight: 400;\"><img loading=\"lazy\" decoding=\"async\" src=\"https:\/\/olgaferzan.com\/wp-content\/uploads\/2023\/11\/holistic-healer-icon-9-4.png\" width=\"64\" height=\"64\" alt=\"\" class=\"wp-image-3952 alignnone size-full\" style=\"display: block; margin-left: auto; margin-right: auto;\" \/><\/span><\/h2>\n<h2><span style=\"font-weight: 400;\">Has llegado al sitio indicado, o no, para iniciar el cambio que te haga prosperar.<\/span><\/h2>\n<p><span style=\"font-weight: 400;\"><\/span><\/p>\n<p><span style=\"font-weight: 400;\"><\/span><\/p>\n<p>[\/et_pb_text][et_pb_button button_url=\u00bbhttps:\/\/olgaferzan.com\/inicio\/programas\/\u00bb url_new_window=\u00bbon\u00bb button_text=\u00bbQUIERO INICIAR MI CAMBIO YAAAAA\u00bb button_alignment=\u00bbcenter\u00bb _builder_version=\u00bb4.23.1&#8243; _module_preset=\u00bb8f88e079-278b-4469-af40-0452e5744b16&#8243; custom_padding=\u00bb31px|40px|31px|40px|true|true\u00bb locked=\u00bboff\u00bb global_colors_info=\u00bb{}\u00bb][\/et_pb_button][\/et_pb_column][\/et_pb_row][\/et_pb_section][et_pb_section fb_built=\u00bb1&#8243; _builder_version=\u00bb4.23.1&#8243; _module_preset=\u00bbdefault\u00bb background_color=\u00bb#FFFFFF\u00bb custom_padding=\u00bb0px||0px|||\u00bb global_colors_info=\u00bb{}\u00bb][\/et_pb_section][et_pb_section fb_built=\u00bb1&#8243; _builder_version=\u00bb4.23.1&#8243; _module_preset=\u00bbdefault\u00bb background_color=\u00bb#EEEEEE\u00bb background_image=\u00bbhttps:\/\/olgaferzan.com\/wp-content\/uploads\/2023\/11\/holistic-healer-14.png\u00bb custom_padding=\u00bb16px|||||\u00bb global_colors_info=\u00bb{}\u00bb][et_pb_row _builder_version=\u00bb4.23&#8243; _module_preset=\u00bbdefault\u00bb custom_margin=\u00bb|auto|-34px|auto||\u00bb custom_padding=\u00bb4px|||||\u00bb locked=\u00bboff\u00bb global_colors_info=\u00bb{}\u00bb][et_pb_column type=\u00bb4_4&#8243; _builder_version=\u00bb4.22.0&#8243; _module_preset=\u00bbdefault\u00bb global_colors_info=\u00bb{}\u00bb][et_pb_text _builder_version=\u00bb4.23.1&#8243; _module_preset=\u00bb7a83cc99-5e08-4566-8753-835e7b504d90&#8243; custom_margin=\u00bb|-586px|10px||false|false\u00bb global_colors_info=\u00bb{}\u00bb]<\/p>\n<h1 style=\"text-align: justify;\"><span style=\"color: #621c1c;\">Despierta tu Diosa Interior\u00a0<\/span><\/h1>\n<p>[\/et_pb_text][et_pb_text _builder_version=\u00bb4.23.1&#8243; _module_preset=\u00bbb61a432a-7c3a-4109-b64f-8566e3580694&#8243; width=\u00bb100%\u00bb min_height=\u00bb398.9px\u00bb custom_margin=\u00bb|82px||||\u00bb custom_padding=\u00bb10px|0px|0px|||\u00bb global_colors_info=\u00bb{}\u00bb]<\/p>\n<p><span style=\"font-size: x-large;\"><span style=\"font-size: large;\"><b>Si has llegado a esta p\u00e1gina, es porque <\/b><\/span><span style=\"color: #000000; font-size: large;\"><strong>EST\u00c1S HASTA LAS NARICES DE TU VIDA. <\/strong><\/span><b><span style=\"font-size: large;\">S\u00ed s\u00ed, seamos claros, aunque suene mal, \u00a1Est\u00e1s hasta las pelotas! Y est\u00e1 genial reconocerlo. Vamos a dejarnos ya de excusitas y auto enga\u00f1os.\u00a0<\/span><\/b><\/span><\/p>\n<p><span style=\"font-size: x-large;\"><b><span style=\"font-size: large;\"><\/span><\/b><\/span><\/p>\n<p><span style=\"font-size: large;\"><b>No te gusta tu trabajo, est\u00e1s\u00a0 siempre estresada, no tienes dinero, tus relaciones son una mierda\u2026 \u00a1Hablemos claro! Has ca\u00eddo aqu\u00ed por algo, y si s\u00f3lo quieres cotillear, pues me parece fenomenal, seguro que algo bueno te llevas.\ud83d\ude09<\/b><\/span><\/p>\n<p><span style=\"font-size: large;\"><b><\/b><\/span><\/p>\n<p><b><span style=\"font-size: large;\">Aunque lo m\u00e1s probable es que est\u00e9s aqu\u00ed buscando ser <span style=\"color: #000000;\"><strong>ESCUCHADA, <\/strong><strong>ENTENDIDA <\/strong><\/span>y para ser <span style=\"color: #000000;\"><strong>ACOMPA\u00d1ADA<\/strong><\/span>\u00a0en alg\u00fan proceso doloroso del que no sabes salir. Pero sobre todo<\/span> <span style=\"font-size: x-large;\"><span style=\"color: #ff0000;\"><strong>PARA MEJORAR TU VIDA.<\/strong><\/span><\/span><\/b><\/p>\n<p><b><span style=\"font-size: x-large;\"><span style=\"color: #ff0000;\"><strong><\/strong><\/span><\/span><\/b><\/p>\n<p><b><span style=\"font-size: large;\">Ay cari\u00f1o, no sabes c\u00f3mo<\/span> <span style=\"font-size: large; color: #000000;\"><strong>TE ENTIENDO<\/strong> <\/span><span style=\"font-size: large;\">y me alegro de qu\u00e9 est\u00e9s por aqu\u00ed, ya que yo&#8230;<\/span> <span style=\"font-size: x-large; color: #000000;\"><strong>TE PUEDO AYUDAR<\/strong><\/span>.<\/b><\/p>\n<p><b><\/b><\/p>\n<p><span style=\"font-size: large;\"><b>No nos conocemos todav\u00eda, pero te quiero contar qu\u00e9 hago yo aqu\u00ed intentando convencerte de que <\/b><\/span><span style=\"color: #000000; font-size: large;\"><strong>TU VIDA PUEDE CAMBIAR.<\/strong><\/span><\/p>\n<p><span style=\"color: #000000; font-size: large;\"><strong><\/strong><\/span><\/p>\n<p><span style=\"color: #621c1c; font-size: x-large;\"><strong><\/strong><\/span><\/p>\n<p><span style=\"color: #621c1c; font-size: x-large;\"><strong><\/strong><\/span><\/p>\n<p>[\/et_pb_text][\/et_pb_column][\/et_pb_row][et_pb_row column_structure=\u00bb1_2,1_2&#8243; _builder_version=\u00bb4.23.1&#8243; _module_preset=\u00bbdefault\u00bb custom_margin=\u00bb-66px|auto||auto||\u00bb custom_padding=\u00bb0px|||||\u00bb locked=\u00bboff\u00bb global_colors_info=\u00bb{}\u00bb][et_pb_column type=\u00bb1_2&#8243; _builder_version=\u00bb4.23.1&#8243; _module_preset=\u00bbdefault\u00bb global_colors_info=\u00bb{}\u00bb][et_pb_text _builder_version=\u00bb4.23.1&#8243; _module_preset=\u00bbb61a432a-7c3a-4109-b64f-8566e3580694&#8243; min_height=\u00bb415.1px\u00bb custom_padding=\u00bb8px||8px|||\u00bb locked=\u00bboff\u00bb global_colors_info=\u00bb{}\u00bb]<\/p>\n<p><b><\/b><\/p>\n<p><span style=\"font-size: large;\"><b>Tengo 50 a\u00f1os y hace unos 10, con la t\u00edpica crisis de los 40, toqu\u00e9 fondo. Termin\u00e9 una relaci\u00f3n de muchos a\u00f1os con dos peques en com\u00fan y me encontr\u00e9 totalmente perdida.<\/b><\/span><\/p>\n<p><span style=\"font-size: large;\"><b><\/b><\/span><\/p>\n<p><span style=\"font-size: large;\"><b>Estaba en un punto en el que no sab\u00eda qui\u00e9n era yo, sab\u00eda que era madre, cocinera, ch\u00f3fer, enfermera, profesora, limpiadora, etc, pero no me acordaba de ser mujer.<\/b><\/span><\/p>\n<p><span style=\"font-size: large;\"><b><\/b><\/span><\/p>\n<p><b><span style=\"font-size: large;\">No sab\u00eda lo qu\u00e9 me apasionaba de verdad, no recordaba cu\u00e1les eran mis sue\u00f1os, ni lo que me gustaba hacer. No te hubiera sabido decir ni dos cualidades m\u00edas. Estaba anulada, me sent\u00eda vac\u00eda. \u00bfTe ha pasado a ti tambi\u00e9n? \u00bfTener ese vac\u00edo en tu coraz\u00f3n?<\/span> <span style=\"color: #000000; font-size: x-large;\">No quererte, no valorarte, sentirte perdida.<\/span><\/b><\/p>\n<p>[\/et_pb_text][\/et_pb_column][et_pb_column type=\u00bb1_2&#8243; _builder_version=\u00bb4.23.1&#8243; _module_preset=\u00bbdefault\u00bb global_colors_info=\u00bb{}\u00bb][et_pb_image src=\u00bbhttps:\/\/olgaferzan.com\/wp-content\/uploads\/2023\/11\/diosa.png\u00bb title_text=\u00bbdiosa\u00bb align=\u00bbcenter\u00bb _builder_version=\u00bb4.23&#8243; _module_preset=\u00bbdefault\u00bb custom_margin=\u00bb108px|||||\u00bb custom_padding=\u00bb0px||45px||false|false\u00bb locked=\u00bboff\u00bb global_colors_info=\u00bb{}\u00bb][\/et_pb_image][\/et_pb_column][\/et_pb_row][\/et_pb_section][et_pb_section fb_built=\u00bb1&#8243; next_background_color=\u00bb#ffffff\u00bb admin_label=\u00bbHeader\u00bb _builder_version=\u00bb4.22.0&#8243; _module_preset=\u00bbdefault\u00bb use_background_color_gradient=\u00bbon\u00bb background_color_gradient_direction=\u00bb225deg\u00bb background_color_gradient_stops=\u00bbgcid-34807b40-f97e-428a-90f8-6d5ad2ecd8cd 0%|rgba(245,246,241,0.9) 100%\u00bb background_color_gradient_overlays_image=\u00bbon\u00bb background_image=\u00bbhttps:\/\/olgaferzan.com\/wp-content\/uploads\/2023\/11\/senior-care-1.jpg\u00bb custom_margin=\u00bb||-14px|||\u00bb custom_padding=\u00bb0px||0px||false|false\u00bb bottom_divider_style=\u00bbcurve\u00bb bottom_divider_height=\u00bb60px\u00bb locked=\u00bboff\u00bb collapsed=\u00bbon\u00bb global_colors_info=\u00bb{%22gcid-34807b40-f97e-428a-90f8-6d5ad2ecd8cd%22:%91%22background_color_gradient_stops%22%93}\u00bb][et_pb_row column_structure=\u00bb1_2,1_2&#8243; make_equal=\u00bbon\u00bb _builder_version=\u00bb4.23&#8243; _module_preset=\u00bbdefault\u00bb custom_margin=\u00bb-7px|auto||auto||\u00bb custom_padding=\u00bb15px||15px||true|false\u00bb locked=\u00bboff\u00bb global_colors_info=\u00bb{}\u00bb][et_pb_column type=\u00bb1_2&#8243; _builder_version=\u00bb4.23&#8243; _module_preset=\u00bbdefault\u00bb background_color=\u00bbRGBA(255,255,255,0)\u00bb box_shadow_style=\u00bbpreset4&#8243; box_shadow_horizontal=\u00bb-10vw\u00bb box_shadow_vertical=\u00bb0px\u00bb box_shadow_color=\u00bbgcid-34807b40-f97e-428a-90f8-6d5ad2ecd8cd\u00bb global_colors_info=\u00bb{%22gcid-34807b40-f97e-428a-90f8-6d5ad2ecd8cd%22:%91%22box_shadow_color%22%93}\u00bb][et_pb_image src=\u00bbhttps:\/\/olgaferzan.com\/wp-content\/uploads\/2023\/11\/mujer-moderna.png\u00bb title_text=\u00bbmujer moderna\u00bb show_bottom_space=\u00bboff\u00bb align=\u00bbcenter\u00bb _builder_version=\u00bb4.23.1&#8243; _module_preset=\u00bbdefault\u00bb width=\u00bb61%\u00bb custom_margin=\u00bb95px||||false|false\u00bb custom_padding=\u00bb31px||42px|||\u00bb border_radii=\u00bboff||||20px\u00bb global_colors_info=\u00bb{}\u00bb][\/et_pb_image][et_pb_image src=\u00bbhttps:\/\/olgaferzan.com\/wp-content\/uploads\/2023\/11\/holistic-healer-35.png\u00bb title_text=\u00bbholistic-healer-35&#8243; _builder_version=\u00bb4.23&#8243; _module_preset=\u00bbdefault\u00bb transform_translate=\u00bb-50%|-50%\u00bb width=\u00bb35%\u00bb global_colors_info=\u00bb{}\u00bb][\/et_pb_image][\/et_pb_column][et_pb_column type=\u00bb1_2&#8243; _builder_version=\u00bb4.22.0&#8243; _module_preset=\u00bbdefault\u00bb global_colors_info=\u00bb{}\u00bb][et_pb_text _builder_version=\u00bb4.23.1&#8243; _module_preset=\u00bb9e3e7a99-2b5a-4015-b8d5-53827dd45904&#8243; custom_margin=\u00bb||10px||false|false\u00bb custom_padding=\u00bb28px||11px|||\u00bb global_colors_info=\u00bb{}\u00bb]<\/p>\n<h4><span style=\"font-size: large;\">BASTA YA DE ESTAR QUIETA SIN HACER NADA<\/span><\/h4>\n<p>[\/et_pb_text][et_pb_text _builder_version=\u00bb4.23.1&#8243; _module_preset=\u00bbb61a432a-7c3a-4109-b64f-8566e3580694&#8243; global_colors_info=\u00bb{}\u00bb]<\/p>\n<p><span style=\"font-size: large;\">Se acab\u00f3&#8230; A tomar viento fresco el estar llorando por las esquinas.<\/span><\/p>\n<p><span style=\"color: #621c1c; font-size: large;\"><strong>Es momento de empezar TU cambio.\u00a0<\/strong><\/span><\/p>\n<p><span style=\"font-size: large;\">Y aqu\u00ed est\u00e1 mi trabajo, enfocado a que t\u00fa despiertes a tu Diosa interior\u2026Olga \u00bfY qu\u00e9 quiere decir esto tan cursi de Diosa? Pues tan sencillo como que te conozcas, que aprendas a amarte, que encuentres tu identidad, que seas esa mujer que t\u00fa quieres.<\/span><\/p>\n<p><span style=\"font-size: large;\">Para ti ser una Diosa, puede que signifique ser exitosa en el trabajo, o ser buena madre, o ser un o una excelente deportista, ser segura de ti misma, ser emprendedora, ser una excelente ama de casa, etc\u2026 \u00a1Lo que tu desees! Lo que te haga feliz a ti.<\/span><\/p>\n<p><span style=\"font-size: large;\">Lo importante es que aprendas a reconocerte, a ser tu prioridad, que aprendas a tomar decisiones que te lleven a conseguir tus prop\u00f3sitos. Que te sientas realizada, que tengas relaciones maravillosas\u2026 Y sobre todo&#8230;<span style=\"color: #ffffff;\"><strong><span style=\"color: #621c1c;\">QUE <\/span><span style=\"color: #621c1c;\">DEJES DE ESTAR HARTA. Para empezar a SER T\u00da y SER FELIZ<\/span><\/strong><\/span><\/span><\/p>\n<p><span style=\"font-size: large;\">As\u00ed que te voy a dejar de dar el co\u00f1azo para que sigas mirando, a ver si encuentras algo que te pueda ayudar, aunque \u00bfsabes qu\u00e9? a lo mejor es m\u00e1s r\u00e1pido que hablemos y vea c\u00f3mo te puedo ayudar. T\u00fa decides\u2026<\/span><\/p>\n<p>[\/et_pb_text][\/et_pb_column][\/et_pb_row][et_pb_row _builder_version=\u00bb4.23.1&#8243; _module_preset=\u00bbdefault\u00bb custom_padding=\u00bb10px|||||\u00bb global_colors_info=\u00bb{}\u00bb][et_pb_column type=\u00bb4_4&#8243; _builder_version=\u00bb4.23.1&#8243; _module_preset=\u00bbdefault\u00bb global_colors_info=\u00bb{}\u00bb][et_pb_button button_url=\u00bbhttps:\/\/olgaferzan.com\/inicio\/agenda-tu-reunion-privada\/\u00bb url_new_window=\u00bbon\u00bb button_text=\u00bbQUIERO HABLAR CONTIGO\u00bb button_alignment=\u00bbcenter\u00bb _builder_version=\u00bb4.23.1&#8243; _module_preset=\u00bb29c52300-d51b-4d40-9ad2-39f136b0d44f\u00bb button_bg_color=\u00bb#621C1C\u00bb custom_padding=\u00bb25px|40px|25px|40px|true|true\u00bb locked=\u00bboff\u00bb global_colors_info=\u00bb{}\u00bb][\/et_pb_button][\/et_pb_column][\/et_pb_row][\/et_pb_section][et_pb_section fb_built=\u00bb1&#8243; admin_label=\u00bbFooter CTA\u00bb _builder_version=\u00bb4.22.0&#8243; _module_preset=\u00bbdefault\u00bb custom_padding=\u00bb||0px||false|false\u00bb bottom_divider_style=\u00bbcurve\u00bb bottom_divider_color=\u00bbgcid-177a5697-02fd-46ba-bfa9-5a099a3378ae\u00bb bottom_divider_flip=\u00bbvertical\u00bb locked=\u00bboff\u00bb collapsed=\u00bbon\u00bb global_colors_info=\u00bb{%22gcid-177a5697-02fd-46ba-bfa9-5a099a3378ae%22:%91%22bottom_divider_color%22%93}\u00bb][et_pb_row _builder_version=\u00bb4.22.0&#8243; _module_preset=\u00bbdefault\u00bb custom_margin=\u00bb-22px|auto||auto||\u00bb custom_padding=\u00bb0px|||||\u00bb locked=\u00bboff\u00bb global_colors_info=\u00bb{}\u00bb][et_pb_column type=\u00bb4_4&#8243; _builder_version=\u00bb4.22.0&#8243; _module_preset=\u00bbdefault\u00bb global_colors_info=\u00bb{}\u00bb][et_pb_text _builder_version=\u00bb4.23&#8243; _module_preset=\u00bb491b754f-10a7-4322-8bfb-de6f23d2f245&#8243; min_height=\u00bb82px\u00bb custom_margin=\u00bb68px||-2px|-47px|false|false\u00bb custom_padding=\u00bb0px||0px|45px||\u00bb global_colors_info=\u00bb{}\u00bb]<\/p>\n<h2 style=\"text-align: center;\">TESTIMONIOS:<\/h2>\n<h2 style=\"text-align: center;\"><\/h2>\n<p>[\/et_pb_text][et_pb_slider _builder_version=\u00bb4.23.1&#8243; _module_preset=\u00bb001e47ff-3e9c-4c4b-923a-2e45f9feb1ae\u00bb custom_padding=\u00bb0px|||||\u00bb locked=\u00bboff\u00bb global_colors_info=\u00bb{%22gcid-21f39c30-514a-41a8-ae0a-6cf144b81c75%22:%91%22arrows_custom_color%22,%22dot_nav_custom_color%22%93}\u00bb][et_pb_slide heading=\u00bbHola Olga , me parece muy bonito lo que haces, como transmites calma y tranquilidad , tienes una energ\u00eda preciosa para compartir y ayudar a mujeres que lo necesitan , muchas felicidad por ese tiempo tan m\u00e1gico que he visto . Me ha encantado el taller, ahora veo que claramente la energ\u00eda que tienes es para transmitirla a otras mujeres que necesitan alguien como t\u00fa\ud83e\udd17\ud83e\udd70\ud83d\ude18\ud83d\ude18\u00bb _builder_version=\u00bb4.23&#8243; _module_preset=\u00bbdefault\u00bb locked=\u00bboff\u00bb global_colors_info=\u00bb{}\u00bb sticky_transition=\u00bbon\u00bb]<\/p>\n<p>Valentina Gomez<\/p>\n<p>[\/et_pb_slide][et_pb_slide heading=\u00bbMe he sentido muy identificada, porque estoy en un momento de mi vida que me siento un poco perdida y con ganas de coger de nuevo las riendas \ud83d\ude4f\ud83e\udebd en el camino estoy&#8230;y  quer\u00eda dar las gracias por estas herramientas tan valiosas que compartes en el taller de conquista tus sue\u00f1os. De nuevo gracias y me est\u00e1 sirviendo mucho para salir de mi zona de confort\u2665\ufe0f\u00bb _builder_version=\u00bb4.23&#8243; _module_preset=\u00bbdefault\u00bb locked=\u00bboff\u00bb global_colors_info=\u00bb{}\u00bb sticky_transition=\u00bbon\u00bb]<\/p>\n<p>Alicia Ordo\u00f1ez<\/p>\n<p>[\/et_pb_slide][et_pb_slide heading=\u00bb\u00a1Un taller maravilloso!  Olga ha hecho un s\u00faper trabajo con este taller. Ella te gu\u00eda para que t\u00fa sola conectes con tu poder femenino. Y con los ejercicios que se hacen a lo largo del taller he podido identificar cu\u00e1les son los bloqueos y creencias que me han alejado de mi propio poder. Adem\u00e1s Olga, nos comparte herramientas para poder desprogramar esas creencias. O sea, te vas del taller con una conexi\u00f3n contigo misma muy bonita adem\u00e1s de un entendimiento de lo que es nuestro propio poder femenino a trav\u00e9s de la diosa Isis. Recomendable 100%!\u00bb _builder_version=\u00bb4.23&#8243; _module_preset=\u00bbdefault\u00bb locked=\u00bboff\u00bb global_colors_info=\u00bb{}\u00bb sticky_transition=\u00bbon\u00bb]<\/p>\n<p>Claudia Andr\u00e9s<\/p>\n<p>[\/et_pb_slide][\/et_pb_slider][\/et_pb_column][\/et_pb_row][et_pb_row custom_padding_last_edited=\u00bbon|tablet\u00bb _builder_version=\u00bb4.23&#8243; _module_preset=\u00bbdefault\u00bb background_color=\u00bbgcid-46e54cc2-2550-449e-a151-e85c3a835795&#8243; custom_padding=\u00bb60px|60px|60px|60px|true|true\u00bb custom_padding_tablet=\u00bb|30px||30px|true|true\u00bb custom_padding_phone=\u00bb30px|20px|30px|20px|true|true\u00bb border_radii=\u00bbon|20px|20px|20px|20px\u00bb global_colors_info=\u00bb{%22gcid-46e54cc2-2550-449e-a151-e85c3a835795%22:%91%22background_color%22%93}\u00bb][et_pb_column type=\u00bb4_4&#8243; _builder_version=\u00bb4.22.0&#8243; _module_preset=\u00bbdefault\u00bb global_colors_info=\u00bb{}\u00bb][et_pb_text _builder_version=\u00bb4.23&#8243; _module_preset=\u00bb76ba3cd2-11ea-46b8-baf1-eec63065cce3&#8243; text_orientation=\u00bbcenter\u00bb max_width=\u00bb700px\u00bb module_alignment=\u00bbcenter\u00bb global_colors_info=\u00bb{}\u00bb]<\/p>\n<h3>Contacta conmigo para m\u00e1s informaci\u00f3n. La protagonista eres t\u00fa.<\/h3>\n<p>[\/et_pb_text][et_pb_button button_url=\u00bbhttps:\/\/olgaferzan.com\/inicio\/contacto-olga-fernandez-zancada\/\u00bb url_new_window=\u00bbon\u00bb button_text=\u00bbCONTACTA\u00bb button_alignment=\u00bbcenter\u00bb _builder_version=\u00bb4.23&#8243; _module_preset=\u00bb8f88e079-278b-4469-af40-0452e5744b16&#8243; global_colors_info=\u00bb{}\u00bb][\/et_pb_button][\/et_pb_column][\/et_pb_row][\/et_pb_section][et_pb_section fb_built=\u00bb1&#8243; _builder_version=\u00bb4.23.1&#8243; _module_preset=\u00bbdefault\u00bb global_colors_info=\u00bb{}\u00bb][et_pb_row _builder_version=\u00bb4.23.1&#8243; _module_preset=\u00bbdefault\u00bb global_colors_info=\u00bb{}\u00bb][et_pb_column type=\u00bb4_4&#8243; _builder_version=\u00bb4.23.1&#8243; _module_preset=\u00bbdefault\u00bb global_colors_info=\u00bb{}\u00bb][et_pb_image src=\u00bbhttps:\/\/olgaferzan.com\/wp-content\/uploads\/2024\/09\/holistic-healer-icon-9-4.png\u00bb _builder_version=\u00bb4.23.1&#8243; _module_preset=\u00bbdefault\u00bb global_colors_info=\u00bb{}\u00bb][\/et_pb_image][\/et_pb_column][\/et_pb_row][\/et_pb_section]<\/p>\n","protected":false},"excerpt":{"rendered":"<p>\u00bfEst\u00e1s hasta la narices de tu vida? \u00bfEst\u00e1s harta de relaciones basura? \u00bfCansada de no saber qu\u00e9 hacer para mejorar? Has llegado al sitio indicado, o no, para iniciar el cambio que te haga prosperar. Despierta tu Diosa Interior\u00a0Si has llegado a esta p\u00e1gina, es porque EST\u00c1S HASTA LAS NARICES DE TU VIDA. S\u00ed s\u00ed, [&hellip;]<\/p>\n","protected":false},"author":2,"featured_media":3970,"parent":0,"menu_order":0,"comment_status":"closed","ping_status":"closed","template":"","meta":{"_et_pb_use_builder":"on","_et_pb_old_content":"","_et_gb_content_width":"","_joinchat":[],"footnotes":""},"class_list":["post-2678","page","type-page","status-publish","has-post-thumbnail","hentry"],"jetpack_sharing_enabled":true,"_links":{"self":[{"href":"https:\/\/olgaferzan.com\/inicio\/wp-json\/wp\/v2\/pages\/2678","targetHints":{"allow":["GET"]}}],"collection":[{"href":"https:\/\/olgaferzan.com\/inicio\/wp-json\/wp\/v2\/pages"}],"about":[{"href":"https:\/\/olgaferzan.com\/inicio\/wp-json\/wp\/v2\/types\/page"}],"author":[{"embeddable":true,"href":"https:\/\/olgaferzan.com\/inicio\/wp-json\/wp\/v2\/users\/2"}],"replies":[{"embeddable":true,"href":"https:\/\/olgaferzan.com\/inicio\/wp-json\/wp\/v2\/comments?post=2678"}],"version-history":[{"count":107,"href":"https:\/\/olgaferzan.com\/inicio\/wp-json\/wp\/v2\/pages\/2678\/revisions"}],"predecessor-version":[{"id":5320,"href":"https:\/\/olgaferzan.com\/inicio\/wp-json\/wp\/v2\/pages\/2678\/revisions\/5320"}],"wp:featuredmedia":[{"embeddable":true,"href":"https:\/\/olgaferzan.com\/inicio\/wp-json\/wp\/v2\/media\/3970"}],"wp:attachment":[{"href":"https:\/\/olgaferzan.com\/inicio\/wp-json\/wp\/v2\/media?parent=2678"}],"curies":[{"name":"wp","href":"https:\/\/api.w.org\/{rel}","templated":true}]}}