{"id":772,"date":"2020-09-03T15:03:00","date_gmt":"2020-09-03T15:03:00","guid":{"rendered":"https:\/\/olgaferzan.com\/aviso-legal\/"},"modified":"2023-11-04T21:39:16","modified_gmt":"2023-11-04T21:39:16","slug":"aviso-legal","status":"publish","type":"page","link":"https:\/\/olgaferzan.com\/inicio\/aviso-legal\/","title":{"rendered":"Aviso Legal"},"content":{"rendered":"<p>[et_pb_section fb_built=\u00bb1&#8243; _builder_version=\u00bb4.23&#8243; _module_preset=\u00bbdefault\u00bb background_color=\u00bb#FFFFFF\u00bb min_height=\u00bb3006px\u00bb custom_margin=\u00bb-148px|||||\u00bb custom_padding=\u00bb0px|||||\u00bb global_colors_info=\u00bb{}\u00bb][et_pb_row _builder_version=\u00bb4.23&#8243; _module_preset=\u00bbdefault\u00bb global_colors_info=\u00bb{}\u00bb][et_pb_column type=\u00bb4_4&#8243; _builder_version=\u00bb4.23&#8243; _module_preset=\u00bbdefault\u00bb global_colors_info=\u00bb{}\u00bb][et_pb_text _builder_version=\u00bb4.23&#8243; _module_preset=\u00bbdefault\u00bb text_font=\u00bbInter||||||||\u00bb text_text_color=\u00bb#621C1C\u00bb header_font=\u00bbInter||||||||\u00bb header_text_color=\u00bb#621C1C\u00bb background_color=\u00bb#FFFFFF\u00bb hover_enabled=\u00bb0&#8243; global_colors_info=\u00bb{}\u00bb sticky_enabled=\u00bb0&#8243;]<\/p>\n<p>En cumplimiento del art\u00edculo 10 de la Ley 34\/2002, de 11 de julio, de Servicios de la Sociedad de la Informaci\u00f3n y Comercio Electr\u00f3nico te informamos que el Titular del sitio web olgaferzan\/inicio.com (en adelante, el &#8216;sitio Web&#8217;), es Olga Fern\u00e1ndez Zancada (en adelante, &#8216;Olgaferzan&#8217;), con DNI \u00a0(05429037-W y domicilio en calle R\u00edo Perales N\u00ba 39 &#8211; 28229 Villanueva del Pardillo (MADRID).<\/p>\n<p data-css=\"tve-u-1744a6b6b6e\">Puedes contactar con Olgaferzan trav\u00e9s del correo electr\u00f3nico ofernandezzancada@gmail.com y a trav\u00e9s de las formas de contacto que encontrar\u00e1s en<span>\u00a0<\/span><a href=\"https:\/\/olgaferzan.com\/inicio\/contacto-olga-fernandez-zancada\/\" target=\"_blank\" rel=\"noopener\"><strong><span data-css=\"tve-u-1744a6b2b43\">https:\/\/olgaferzan\/inicio.com\/contacto\/<\/span><\/strong><\/a><\/p>\n<h2 data-css=\"tve-u-1744a6c6666\" class=\"\">1. Objeto<\/h2>\n<p>La finalidad del sitio Web de Olgaferzan tiene por objeto informar sobre las actividades que realiza y de los Servicios que presta, atender las solicitudes de compra y facilitar a los clientes la gesti\u00f3n de los Servicios contratados.<\/p>\n<h2 class=\"\">2. Condiciones de Uso<\/h2>\n<p>La utilizaci\u00f3n del sitio Web te otorga la condici\u00f3n de Usuario y est\u00e1 condicionado a la lectura previa y aceptaci\u00f3n completa, expresa y sin reservas de todas las cl\u00e1usulas y condiciones de uso incluidas en este Aviso Legal, en la Pol\u00edtica de Privacidad y en la Pol\u00edtica de Cookies a las que puedes acceder desde estos enlaces:<\/p>\n<ul class=\"\">\n<li data-css=\"tve-u-1744a7112fd\">Pol\u00edtica de Privacidad:<span>\u00a0<\/span><a target=\"_blank\" class=\"components-external-link editor-post-url__link\" href=\"https:\/\/olgaferzan.com\/inicio\/?page_id=773\" rel=\"external noreferrer noopener\"><span class=\"editor-post-url__link-prefix\">https:\/\/olgaferzan.com\/inicio\/<\/span><span class=\"editor-post-url__link-slug\">politica-de-privacidad<\/span><span class=\"editor-post-url__link-suffix\">\/<\/span><\/a><a href=\"https:\/\/academia.finanzasenconfianza.com\/politica-de-privacidad\/\" target=\"_blank\" class=\"\" rel=\"noopener\"><\/a><\/li>\n<li data-css=\"tve-u-1744a71afca\">Pol\u00edtica de Cookies:<span>\u00a0<\/span><a target=\"_blank\" class=\"components-external-link editor-post-url__link\" href=\"https:\/\/olgaferzan.com\/inicio\/politica-de-cookies\/\" rel=\"external noreferrer noopener\"><span class=\"editor-post-url__link-prefix\">https:\/\/olgaferzan.com\/inicio\/<\/span><span class=\"editor-post-url__link-slug\">politica-de-cookies<\/span><span class=\"editor-post-url__link-suffix\">\/<\/span><\/a><a href=\"https:\/\/olgaferzan.com\/inicio\/politica-de-cookies\/\" target=\"_blank\" class=\"\" rel=\"noopener\"><\/a><\/li>\n<\/ul>\n<p>Si no est\u00e1s conforme con todas y cada una de estas cl\u00e1usulas y condiciones te abstendr\u00e1s de utilizar el sitio Web.<\/p>\n<h2 data-css=\"tve-u-1744a6d3d23\" class=\"\">3. Contenido<\/h2>\n<p>A trav\u00e9s del sitio Web, Olgaferzan te facilita el acceso y la utilizaci\u00f3n de diversos contenidos que Olgaferzan o sus colaboradores han publicado por medio de Internet.<\/p>\n<p>A tal efecto, te obligas y comprometes a NO utilizar cualquiera de los contenidos del sitio Web con fines o efectos il\u00edcitos, prohibidos en este Aviso Legal o por la legislaci\u00f3n vigente, lesivos de los derechos e intereses de terceros, o que de cualquier forma puedan da\u00f1ar, inutilizar, sobrecargar, deteriorar o impedir la normal utilizaci\u00f3n de los contenidos, los equipos inform\u00e1ticos o los documentos, archivos y toda clase de contenidos almacenados en cualquier equipo inform\u00e1tico propios o contratados por Olgaferzan de otros Usuarios o de cualquier usuario de Internet.<\/p>\n<p>En todo caso, Olgaferzan se compromete a la retirada inmediata de cualquier contenido que pudiera contravenir la legislaci\u00f3n nacional o internacional, la moral o el orden p\u00fablico, y ponerlo en conocimiento de las autoridades competentes.<\/p>\n<h2 data-css=\"tve-u-1744a6dc62d\" class=\"\">4. Enlaces a otros sitios Web<\/h2>\n<p>Olgaferzan puede proporcionarte acceso a otros sitios Web ajenos mediante enlaces con la finalidad exclusiva de informarte sobre la existencia de otras fuentes de informaci\u00f3n en Internet en las que podr\u00e1s ampliar los datos ofrecidos en el sitio Web. Estos enlaces a otros sitios Web no suponen en ning\u00fan caso una sugerencia o recomendaci\u00f3n para que visites las p\u00e1ginas web de destino, que est\u00e1n fuera del control de Olgaferzan y sobre las que no asume ninguna responsabilidad respecto a dichos contenidos ni del resultado que obtengas al seguir los enlaces.<\/p>\n<p>En todo caso, Olgaferzan se compromete a la eliminaci\u00f3n de cualquier enlace o redirecci\u00f3n que pudiera contravenir la legislaci\u00f3n nacional o internacional, la moral o el orden p\u00fablico, y ponerlo en conocimiento de las autoridades competentes.<\/p>\n<h2 data-css=\"tve-u-1744a6de6de\" class=\"\">5. Modificaciones<\/h2>\n<p>Olgaferzan se reserva el derecho a modificar, suspender, cancelar o restringir el contenido del sitio Web, su dise\u00f1o y los enlaces contenidos sin necesidad de previo aviso.<\/p>\n<h2 data-css=\"tve-u-1744a6e04e2\" class=\"\">6. Exenci\u00f3n de responsabilidades<\/h2>\n<p>Olgaferzan no garantiza la inexistencia de errores en el acceso o en el contenido del sitio Web , ni que este se encuentre actualizados, aunque Olgaferzan realizar\u00e1 los mayores esfuerzos para evitarlos, corregirlos o para mantener actualizada su informaci\u00f3n.<\/p>\n<p>Olgaferzan no se hace responsable por los da\u00f1os que se puedan causar en los equipos o sistemas de los usuarios por posibles virus inform\u00e1ticos que se hubieran podido contraer por la navegaci\u00f3n del usuario en el sitio Web.<\/p>\n<h2 data-css=\"tve-u-1744a6f07f4\" class=\"\">7. Medidas de seguridad<\/h2>\n<p>El sitio Web utiliza un certificado de seguridad TLS para asegurar la autenticidad del servidor y la integridad y cifrado de las comunicaciones entre el Usuario y Olgaferzan.<\/p>\n<p>No obstante, debes ser consciente de que las medidas de seguridad de los sistemas inform\u00e1ticos en Internet no son enteramente fiables y que, por tanto Olgaferzan no puede garantizar la inexistencia de virus u otros elementos que puedan producir alteraciones en los sistemas inform\u00e1ticos (software y hardware) del Usuario o en sus documentos electr\u00f3nicos y ficheros contenidos en los mismos. Aunque Olgaferzan pone todos los medios necesarios y toma las medidas de seguridad oportunas para evitar la presencia de estos elementos da\u00f1inos.<\/p>\n<h2 data-css=\"tve-u-1744a6f3522\" class=\"\">8. Datos personales<\/h2>\n<p>Puedes consultar toda la informaci\u00f3n relativa al tratamiento de datos personales que realiza Olgaferzan en la p\u00e1gina de<span>\u00a0<\/span><a href=\"https:\/\/olgaferzan.com\/inicio\/politica-de-privacidad\/\" target=\"_blank\" rel=\"noopener\">pol\u00edtica de privacidad<\/a><\/p>\n<h2 data-css=\"tve-u-1744a6f4d26\" class=\"\">9. Pol\u00edtica de cookies<\/h2>\n<p>Puedes consultar toda la informaci\u00f3n relativa a la pol\u00edtica de recogida y tratamiento de las cookies en la p\u00e1gina de<span>\u00a0<\/span><a href=\"https:\/\/olgaferzan.com\/inicio\/politica-de-cookies\/\" target=\"_blank\" rel=\"noopener\">pol\u00edtica de cookies<\/a><\/p>\n<h2 data-css=\"tve-u-1744a6f8005\" class=\"\">10. Propiedad intelectual<\/h2>\n<p>El sitio web Olgaferzan, incluyendo a t\u00edtulo enunciativo pero no limitativo su programaci\u00f3n, dise\u00f1o y dem\u00e1s elementos necesarios para su funcionamiento, logotipos, texto, gr\u00e1ficos e im\u00e1genes son propiedad de Olgaferzan correspondi\u00e9ndonos el ejercicio exclusivo de los derechos de explotaci\u00f3n.<\/p>\n<p>Los dise\u00f1os, logotipos, textos y gr\u00e1ficos ajenos a Olgaferzan y que pudieran aparecer en el sitio Web, pertenecen a sus respectivos propietarios. Olgaferzan reconoce a favor de sus titulares los correspondientes derechos de propiedad intelectual e industrial, no implicando su sola menci\u00f3n o aparici\u00f3n en el sitio Web la existencia de derechos o responsabilidad alguna sobre los mismos, como tampoco respaldo, patrocinio o recomendaci\u00f3n por parte de Olgaferzan.<\/p>\n<h2 data-css=\"tve-u-1744a6f9ff3\" class=\"\">11. Legislaci\u00f3n aplicable y Jurisdicci\u00f3n<\/h2>\n<p>Para la resoluci\u00f3n de todas las controversias o cuestiones relacionadas con el sitio Web o de las actividades en \u00e9l desarrolladas, ser\u00e1 de aplicaci\u00f3n la legislaci\u00f3n espa\u00f1ola, a la que se someten expresamente las partes, siendo competentes para la resoluci\u00f3n de todos los conflictos derivados o relacionados con su uso los Juzgados y Tribunales m\u00e1s cercanos a Villanueva del Pardillo (Madrid).<\/p>\n<p>En caso de que cualquier cl\u00e1usula del presente documento sea declarada nula, las dem\u00e1s cl\u00e1usulas seguir\u00e1n vigentes y se interpretar\u00e1n teniendo en cuenta la voluntad de las partes y la finalidad misma de las presentes condiciones.<\/p>\n<p>[\/et_pb_text][\/et_pb_column][\/et_pb_row][\/et_pb_section]<\/p>\n","protected":false},"excerpt":{"rendered":"<p>En cumplimiento del art\u00edculo 10 de la Ley 34\/2002, de 11 de julio, de Servicios de la Sociedad de la Informaci\u00f3n y Comercio Electr\u00f3nico te informamos que el Titular del sitio web olgaferzan\/inicio.com (en adelante, el &#8216;sitio Web&#8217;), es Olga Fern\u00e1ndez Zancada (en adelante, &#8216;Olgaferzan&#8217;), con DNI \u00a0(05429037-W y domicilio en calle R\u00edo Perales N\u00ba [&hellip;]<\/p>\n","protected":false},"author":2,"featured_media":0,"parent":0,"menu_order":0,"comment_status":"closed","ping_status":"closed","template":"","meta":{"_et_pb_use_builder":"on","_et_pb_old_content":"","_et_gb_content_width":"1080","_joinchat":[],"footnotes":""},"class_list":["post-772","page","type-page","status-publish","hentry"],"jetpack_sharing_enabled":true,"_links":{"self":[{"href":"https:\/\/olgaferzan.com\/inicio\/wp-json\/wp\/v2\/pages\/772","targetHints":{"allow":["GET"]}}],"collection":[{"href":"https:\/\/olgaferzan.com\/inicio\/wp-json\/wp\/v2\/pages"}],"about":[{"href":"https:\/\/olgaferzan.com\/inicio\/wp-json\/wp\/v2\/types\/page"}],"author":[{"embeddable":true,"href":"https:\/\/olgaferzan.com\/inicio\/wp-json\/wp\/v2\/users\/2"}],"replies":[{"embeddable":true,"href":"https:\/\/olgaferzan.com\/inicio\/wp-json\/wp\/v2\/comments?post=772"}],"version-history":[{"count":13,"href":"https:\/\/olgaferzan.com\/inicio\/wp-json\/wp\/v2\/pages\/772\/revisions"}],"predecessor-version":[{"id":3899,"href":"https:\/\/olgaferzan.com\/inicio\/wp-json\/wp\/v2\/pages\/772\/revisions\/3899"}],"wp:attachment":[{"href":"https:\/\/olgaferzan.com\/inicio\/wp-json\/wp\/v2\/media?parent=772"}],"curies":[{"name":"wp","href":"https:\/\/api.w.org\/{rel}","templated":true}]}}